 = 0. Calculate the greatest common factor of w and 80.
20
Let k = 3 + -6. Let d be (-2)/6*k - -23. Suppose -2*s = -0*s - d. Calculate the highest common factor of 8 and s.
4
Suppose -96 = 11*w - 690. What is the greatest common divisor of 18 and w?
18
Let v(g) = -g - 3. Let o be v(3). Let t be (-492)/(-27) - o/(-27). Calculate the highest common divisor of 72 and t.
18
Let n(f) = f**2 + 9*f + 14. Let z be n(-7). Suppose z*m + 2*m + 13 = 3*q, 0 = -q - m + 6. Let y be 1*(1 + 0)*1. What is the greatest common factor of y and q?
1
Let s(w) = -w**3 - 3*w**2 + 3*w. Let v be s(-4). Suppose 0*d = 2*h - v*d - 30, 0 = -5*d - 20. Calculate the greatest common factor of h and 7.
7
Let i(g) = g**3 - 3*g**2 + 3*g + 7. Let m be i(5). Let f(r) = -r**3 + 8. Let l be f(0). Calculate the greatest common divisor of l and m.
8
Let z(i) = -i**3 + 4*i**2 + 3*i + 3. Let j be z(5). Let q be (-2)/8*-2*110. Let h = q + j. Calculate the greatest common factor of 12 and h.
12
Let l(o) = -6*o**2 - 3*o. Let p be l(-4). Let t = 273 + p. Suppose -q = 2*q - t. What is the highest common divisor of 7 and q?
7
Let o(u) = -2*u + 4. Let b be o(-4). What is the greatest common factor of b and 132?
12
Let h be ((-11)/(-1))/(2/16). What is the highest common divisor of h and 8?
8
Suppose 140 = 9*t - 4*t. Calculate the highest common divisor of t and 70.
14
Suppose l - 3*l + 16 = 0. Calculate the greatest common factor of 2 and l.
2
Let h be ((-112)/20)/(2/(-5)). Let q(l) = 9*l + 10*l + 0*l - h. Let i be q(10). What is the greatest common divisor of 16 and i?
16
Suppose -7*l + 18*l = 495. Calculate the highest common factor of l and 60.
15
Let a(c) = -c**3 - 4*c**2 + 4*c + 1. Let s be a(-3). Let n be 2/(-10) + (-1764)/s. Let v be (10/15)/(6/99). Calculate the greatest common factor of n and v.
11
Let j = 0 + -1. Let h = 15 + j. Let z(a) = 17*a + 5. Let m be z(3). Calculate the greatest common divisor of m and h.
14
Let g(l) = -l**3 + 3*l**2 - 3*l - 2. Let u be g(4). Let t = u + 100. What is the highest common divisor of t and 28?
14
Let w(x) = 12*x - 1. Let b be w(-1). Let t = b + 14. What is the greatest common factor of 7 and t?
1
Let o be (-2)/3 - (-124)/6. Suppose 202 = 3*c + 112. What is the greatest common factor of o and c?
10
Let f = 56 - 3. Suppose 0 = -4*u - r - r + 34, 5*u - r - f = 0. What is the greatest common divisor of u and 40?
10
Let s(c) = -c**3 + 5*c**2 + 6*c + 2. Let r be s(6). Calculate the greatest common factor of r and 2.
2
Let a(t) = 7*t**2 - t - 1. Let p be a(2). Let b be ((-22)/(-4))/(1/(-2)). Let h be -1*1 - b/1. Calculate the highest common factor of h and p.
5
Let o(v) = -v**3 - 10*v**2 - 10*v - 4. Let h be o(-9). Suppose h*l = -t + 441, -3*l + t + 190 = -73. Calculate the highest common divisor of l and 11.
11
Suppose 5*t + 83 = 523. What is the greatest common factor of 11 and t?
11
Let n = 3 + 35. What is the greatest common factor of n and 19?
19
Let o = -7 - 3. Let k = 4 - o. What is the greatest common divisor of k and 14?
14
Suppose -73 = -4*k + 3. Suppose 5*z - 152 = 3*z. What is the highest common factor of k and z?
19
Let y = 63 - 46. Calculate the highest common divisor of 119 and y.
17
Let c = -22 + 31. Let m = -5 + c. Let y be 3/6 + 526/m. Calculate the highest common factor of y and 12.
12
Let k be 0 + (-111)/(-3) + 5. Let a(s) = 4*s - 6. Let d be a(5). What is the highest common divisor of d and k?
14
Let w(p) = -3*p - 4. Let d be w(-13). What is the highest common divisor of 7 and d?
7
Let k(n) = 0 - 15*n + 3 + 1 - 3 - n**2. Let r be k(-7). Calculate the highest common divisor of r and 38.
19
Suppose 0*v - 3*v = 45. Let o = -7 - v. Calculate the greatest common factor of o and 88.
8
Let s(v) = -v + 3. Let l be s(-13). Let y(r) = 2*r**3 - 2*r**2 - 3*r + 2. Let z be y(2). Calculate the highest common factor of z and l.
4
Let p(v) = 3*v**2. Let a be p(-1). Let l be 10 - (-6)/((-6)/a). Let r = 138 - 75. Calculate the greatest common divisor of r and l.
7
Let a = 7 - 14. Let u = a - -11. Calculate the highest common divisor of 2 and u.
2
Suppose 5*x + 0*u + 4*u - 21 = 0, 0 = -4*u + 16. Let v = x + 5. Suppose y + v = -3*b, -3*y + b = -b - 15. Calculate the greatest common divisor of 33 and y.
3
Let b be (-3)/(-9) + 262/6. Suppose f = -f - b. Let h = f + 37. What is the greatest common divisor of 15 and h?
15
Suppose 2*g + 1 = 9, a - 62 = -3*g. Calculate the highest common factor of a and 20.
10
Let f = 312 + -184. What is the greatest common divisor of 8 and f?
8
Let f = 4 - 0. Suppose -3*g + 12 = f*m + g, -3*m = -5*g - 25. Suppose 5*r = -5*h + 90, -h = -2*r + 2*h + 46. What is the highest common factor of r and m?
5
Let y be 61/2 + 1/(-2). Suppose -90 = -c + 98. Suppose c = 4*g - 2*f - 0*f, -3*f = -2*g + 102. Calculate the highest common factor of g and y.
15
Suppose 4*n - 28 = 4*q, 27 - 10 = 5*n + q. Suppose -h + 2 = -4*g - n, 2*h - 33 = g. What is the greatest common factor of 54 and h?
18
Let d(k) = -16*k - 16. Let u be d(-4). What is the highest common divisor of 96 and u?
48
Let i be (2/6 + 3)*-6. Let b = -4 - i. Let n(f) = -f**2 - 4*f + 7. Let c be n(-5). Calculate the highest common factor of b and c.
2
Let w(g) = -g - 3. Let o be w(-2). Let m be (-4 - o)*(-6)/18. Suppose -2*u + 4*t = -0*u - 24, -t = m. What is the highest common factor of 15 and u?
5
Let t(m) = m - 10. Let o be t(16). Calculate the greatest common factor of 2 and o.
2
Suppose 5*n = -7 + 52. Calculate the greatest common factor of 9 and n.
9
Let n(c) = 5 + c + 2 + 13. Suppose -l = 3*q + 12, 5*q - 1 + 21 = -l. Let p be n(l). What is the greatest common divisor of p and 4?
4
Let v(t) be the third derivative of -t**6/8 + t**3/6 + 4*t**2. Let n be v(-1). What is the greatest common divisor of 24 and n?
8
Suppose j - 19 = 2. What is the highest common factor of 28 and j?
7
Let t(a) = 15*a**2 - 2*a - 1. Let g be t(2). Suppose 3*m = -4*w + 236, -m + 2 = -3*w - g. What is the greatest common divisor of 8 and m?
8
Let p(m) = 3*m**2 - 3*m. Let z(o) = -3*o**2 + 4*o. Let j(i) = 6*p(i) + 5*z(i). Let f be j(-2). Calculate the greatest common factor of 72 and f.
8
Let v(h) = -h**3 + 5*h**2 + h - 4. Let f be v(4). Let k(q) = -q**3 - q**2 + 5*q - 6. Let g be k(-6). What is the greatest common factor of g and f?
16
Let s(n) = -n**2 + 14*n - 11. Let v be s(13). What is the greatest common divisor of v and 6?
2
Suppose 4*o - 84 = -3*f, -5*f - o - 4*o + 140 = 0. Let g(m) = -m. Let u be g(-11). Suppose -3*t = -10 - u. What is the greatest common divisor of t and f?
7
Let c be ((-110)/(-15))/((-7)/(-6) + -1). Calculate the highest common factor of 33 and c.
11
Let q = -101 + 127. Calculate the highest common factor of q and 208.
26
Suppose q + 5 = f, 6*f + 5*q = 2*f + 2. Let v(o) = 5*o + 3. Let y be v(f). Calculate the highest common factor of y and 18.
18
Suppose -5*z + 10 = 0, 0 = -4*n + n + 5*z + 2. Suppose 14 = n*f - 6. Calculate the greatest common factor of 45 and f.
5
Let d = 7 - -19. Let s = 37 + 15. What is the highest common divisor of s and d?
26
Let a = 14 + -23. Let b = -4 - a. What is the highest common factor of b and 20?
5
Let o(s) = 4*s**2 + 0 + 3*s - 2 + 5. Suppose -4*f - 12 = -f. Let c be o(f). What is the highest common factor of c and 5?
5
Suppose -21*h = -20*h + 6. Let t be (-123)/h + 6/(-4). Calculate the highest common divisor of t and 133.
19
Suppose 3*p - 21 = 3*w, 2*w + 6 = 4*p - 28. Suppose -b + 106 = -m - m, 0 = -5*b - 5*m + 560. What is the highest common factor of b and p?
10
Suppose -3*v = v - 396. What is the greatest common factor of 9 and v?
9
Let k be ((-2)/6)/((-1)/12). Let c(s) be the second derivative of s**3/6 + s**2/2 + 4*s. Let j be c(9). Calculate the highest common factor of k and j.
2
Suppose -5*a + 58 + 67 = 0. What is the greatest common divisor of 5 and a?
5
Let k(n) be the second derivative of -n**3 + 3*n**2/2 - 3*n. Let u be k(-6). Calculate the greatest common divisor of u and 13.
13
Let d(i) = i**3 + 11*i**2 + 6*i - 23. Let f be d(-10). What is the highest common divisor of f and 51?
17
Let k(m) = -m**3 + 6*m**2 + 7*m + 9. Suppose 3*g - 5 = p, -2*p + 8*g - 3*g = 6. Let n be k(p). What is the greatest common factor of n and 18?
9
Let z be (-102)/(-10) - 1/5. Suppose 12 + z = 2*x. What is the highest common factor of x and 88?
11
Let r(y